{"id":2814,"date":"2023-04-22T13:19:22","date_gmt":"2023-04-22T11:19:22","guid":{"rendered":"https:\/\/restaurantprovence.sk\/?page_id=2814"},"modified":"2023-04-22T13:24:28","modified_gmt":"2023-04-22T11:24:28","slug":"o-nas","status":"publish","type":"page","link":"https:\/\/restaurantprovence.sk\/?page_id=2814","title":{"rendered":"O n\u00e1s"},"content":{"rendered":"\n<p>Vitajte na na\u0161ich str\u00e1nkach.<\/p>\n\n\n\n<p>Sme rodinn\u00fd podnik pon\u00fakaj\u00faci okrem dobr\u00e9ho jedla aj oddych pre n\u00e1v\u0161tevn\u00edkov a cestuj\u00facich. V \u00fatulnom prostred\u00ed na\u0161ej re\u0161taur\u00e1cie n\u00e1jdete \u00fastretov\u00fd person\u00e1l s profesion\u00e1lnym pr\u00edstupom.<\/p>\n\n\n\n<p>Sme tu aj pre t\u00fdch, ktor\u00ed s\u00fa na ceste len unaven\u00ed a potrebuj\u00fa len povzbudi\u0165 dobrou k\u00e1vou a vynikaj\u00facim dom\u00e1cim kol\u00e1\u010dom&nbsp;a pekn\u00fdm slovom.<br>Ak chcete len nie\u010do r\u00fdchle do auta pon\u00fakame n\u00e1\u0161 vlastn\u00fd Wrap pod\u013ea v\u00fdberu.<\/p>\n\n\n\n<p>Okrem toho sme tu pre v\u00e1s pri organizovan\u00ed rodinn\u00fdch osl\u00e1v, krstov, v\u00fdro\u010d\u00ed a kary. V priestoroch na\u0161ej re\u0161taur\u00e1cie si vychutn\u00e1te pohodu a rodinn\u00fd pr\u00edstup.&nbsp;<br>Ak treba vieme jedlo uvari\u0165 a privies\u0165 domov na miesto ur\u010denia.<\/p>\n","protected":false},"excerpt":{"rendered":"<p>Vitajte na na\u0161ich str\u00e1nkach. Sme rodinn\u00fd podnik pon\u00fakaj\u00faci okrem dobr\u00e9ho jedla aj oddych pre n\u00e1v\u0161tevn\u00edkov a cestuj\u00facich. V \u00fatulnom prostred\u00ed na\u0161ej re\u0161taur\u00e1cie n\u00e1jdete \u00fastretov\u00fd person\u00e1l s profesion\u00e1lnym pr\u00edstupom. Sme tu aj pre t\u00fdch, ktor\u00ed s\u00fa na ceste len unaven\u00ed a potrebuj\u00fa len povzbudi\u0165 dobrou k\u00e1vou a vynikaj\u00facim dom\u00e1cim kol\u00e1\u010dom&nbsp;a pekn\u00fdm slovom.Ak chcete len nie\u010do r\u00fdchle [&hellip;]<\/p>\n","protected":false},"author":1,"featured_media":0,"parent":0,"menu_order":0,"comment_status":"closed","ping_status":"closed","template":"","meta":[],"yoast_head":"<!-- This site is optimized with the Yoast SEO plugin v19.14 - https:\/\/yoast.com\/wordpress\/plugins\/seo\/ -->\n<title>O n\u00e1s - Restaurant Provence<\/title>\n<meta name=\"robots\" content=\"index, follow, max-snippet:-1, max-image-preview:large, max-video-preview:-1\" \/>\n<link rel=\"canonical\" href=\"https:\/\/restaurantprovence.sk\/?page_id=2814\" \/>\n<meta property=\"og:locale\" content=\"cs_CZ\" \/>\n<meta property=\"og:type\" content=\"article\" \/>\n<meta property=\"og:title\" content=\"O n\u00e1s - Restaurant Provence\" \/>\n<meta property=\"og:description\" content=\"Vitajte na na\u0161ich str\u00e1nkach. Sme rodinn\u00fd podnik pon\u00fakaj\u00faci okrem dobr\u00e9ho jedla aj oddych pre n\u00e1v\u0161tevn\u00edkov a cestuj\u00facich. V \u00fatulnom prostred\u00ed na\u0161ej re\u0161taur\u00e1cie n\u00e1jdete \u00fastretov\u00fd person\u00e1l s profesion\u00e1lnym pr\u00edstupom. Sme tu aj pre t\u00fdch, ktor\u00ed s\u00fa na ceste len unaven\u00ed a potrebuj\u00fa len povzbudi\u0165 dobrou k\u00e1vou a vynikaj\u00facim dom\u00e1cim kol\u00e1\u010dom&nbsp;a pekn\u00fdm slovom.Ak chcete len nie\u010do r\u00fdchle [&hellip;]\" \/>\n<meta property=\"og:url\" content=\"https:\/\/restaurantprovence.sk\/?page_id=2814\" \/>\n<meta property=\"og:site_name\" content=\"Restaurant Provence\" \/>\n<meta property=\"article:modified_time\" content=\"2023-04-22T11:24:28+00:00\" \/>\n<meta name=\"twitter:card\" content=\"summary_large_image\" \/>\n<meta name=\"twitter:label1\" content=\"Odhadovan\u00e1 doba \u010dten\u00ed\" \/>\n\t<meta name=\"twitter:data1\" content=\"1 minuta\" \/>\n<script type=\"application\/ld+json\" class=\"yoast-schema-graph\">{\"@context\":\"https:\/\/schema.org\",\"@graph\":[{\"@type\":\"WebPage\",\"@id\":\"https:\/\/restaurantprovence.sk\/?page_id=2814\",\"url\":\"https:\/\/restaurantprovence.sk\/?page_id=2814\",\"name\":\"O n\u00e1s - Restaurant Provence\",\"isPartOf\":{\"@id\":\"https:\/\/restaurantprovence.sk\/#website\"},\"datePublished\":\"2023-04-22T11:19:22+00:00\",\"dateModified\":\"2023-04-22T11:24:28+00:00\",\"breadcrumb\":{\"@id\":\"https:\/\/restaurantprovence.sk\/?page_id=2814#breadcrumb\"},\"inLanguage\":\"cs\",\"potentialAction\":[{\"@type\":\"ReadAction\",\"target\":[\"https:\/\/restaurantprovence.sk\/?page_id=2814\"]}]},{\"@type\":\"BreadcrumbList\",\"@id\":\"https:\/\/restaurantprovence.sk\/?page_id=2814#breadcrumb\",\"itemListElement\":[{\"@type\":\"ListItem\",\"position\":1,\"name\":\"Domovsk\u00e1 str\u00e1nka\",\"item\":\"https:\/\/restaurantprovence.sk\/\"},{\"@type\":\"ListItem\",\"position\":2,\"name\":\"O n\u00e1s\"}]},{\"@type\":\"WebSite\",\"@id\":\"https:\/\/restaurantprovence.sk\/#website\",\"url\":\"https:\/\/restaurantprovence.sk\/\",\"name\":\"Restaurant Provence\",\"description\":\"Web o restauraci Restaurant Provence, nach\u00e1zej\u00edc\u00ed se u Predmier. Odpo\u010d\u00edvadlo Predmier.\",\"publisher\":{\"@id\":\"https:\/\/restaurantprovence.sk\/#organization\"},\"potentialAction\":[{\"@type\":\"SearchAction\",\"target\":{\"@type\":\"EntryPoint\",\"urlTemplate\":\"https:\/\/restaurantprovence.sk\/?s={search_term_string}\"},\"query-input\":\"required name=search_term_string\"}],\"inLanguage\":\"cs\"},{\"@type\":\"Organization\",\"@id\":\"https:\/\/restaurantprovence.sk\/#organization\",\"name\":\"Restaurant Provence\",\"url\":\"https:\/\/restaurantprovence.sk\/\",\"logo\":{\"@type\":\"ImageObject\",\"inLanguage\":\"cs\",\"@id\":\"https:\/\/restaurantprovence.sk\/#\/schema\/logo\/image\/\",\"url\":\"https:\/\/restaurantprovence.sk\/wp-content\/uploads\/2023\/02\/logo.png\",\"contentUrl\":\"https:\/\/restaurantprovence.sk\/wp-content\/uploads\/2023\/02\/logo.png\",\"width\":767,\"height\":430,\"caption\":\"Restaurant Provence\"},\"image\":{\"@id\":\"https:\/\/restaurantprovence.sk\/#\/schema\/logo\/image\/\"}}]}<\/script>\n<!-- \/ Yoast SEO plugin. -->","yoast_head_json":{"title":"O n\u00e1s - Restaurant Provence","robots":{"index":"index","follow":"follow","max-snippet":"max-snippet:-1","max-image-preview":"max-image-preview:large","max-video-preview":"max-video-preview:-1"},"canonical":"https:\/\/restaurantprovence.sk\/?page_id=2814","og_locale":"cs_CZ","og_type":"article","og_title":"O n\u00e1s - Restaurant Provence","og_description":"Vitajte na na\u0161ich str\u00e1nkach. Sme rodinn\u00fd podnik pon\u00fakaj\u00faci okrem dobr\u00e9ho jedla aj oddych pre n\u00e1v\u0161tevn\u00edkov a cestuj\u00facich. V \u00fatulnom prostred\u00ed na\u0161ej re\u0161taur\u00e1cie n\u00e1jdete \u00fastretov\u00fd person\u00e1l s profesion\u00e1lnym pr\u00edstupom. Sme tu aj pre t\u00fdch, ktor\u00ed s\u00fa na ceste len unaven\u00ed a potrebuj\u00fa len povzbudi\u0165 dobrou k\u00e1vou a vynikaj\u00facim dom\u00e1cim kol\u00e1\u010dom&nbsp;a pekn\u00fdm slovom.Ak chcete len nie\u010do r\u00fdchle [&hellip;]","og_url":"https:\/\/restaurantprovence.sk\/?page_id=2814","og_site_name":"Restaurant Provence","article_modified_time":"2023-04-22T11:24:28+00:00","twitter_card":"summary_large_image","twitter_misc":{"Odhadovan\u00e1 doba \u010dten\u00ed":"1 minuta"},"schema":{"@context":"https:\/\/schema.org","@graph":[{"@type":"WebPage","@id":"https:\/\/restaurantprovence.sk\/?page_id=2814","url":"https:\/\/restaurantprovence.sk\/?page_id=2814","name":"O n\u00e1s - Restaurant Provence","isPartOf":{"@id":"https:\/\/restaurantprovence.sk\/#website"},"datePublished":"2023-04-22T11:19:22+00:00","dateModified":"2023-04-22T11:24:28+00:00","breadcrumb":{"@id":"https:\/\/restaurantprovence.sk\/?page_id=2814#breadcrumb"},"inLanguage":"cs","potentialAction":[{"@type":"ReadAction","target":["https:\/\/restaurantprovence.sk\/?page_id=2814"]}]},{"@type":"BreadcrumbList","@id":"https:\/\/restaurantprovence.sk\/?page_id=2814#breadcrumb","itemListElement":[{"@type":"ListItem","position":1,"name":"Domovsk\u00e1 str\u00e1nka","item":"https:\/\/restaurantprovence.sk\/"},{"@type":"ListItem","position":2,"name":"O n\u00e1s"}]},{"@type":"WebSite","@id":"https:\/\/restaurantprovence.sk\/#website","url":"https:\/\/restaurantprovence.sk\/","name":"Restaurant Provence","description":"Web o restauraci Restaurant Provence, nach\u00e1zej\u00edc\u00ed se u Predmier. Odpo\u010d\u00edvadlo Predmier.","publisher":{"@id":"https:\/\/restaurantprovence.sk\/#organization"},"potentialAction":[{"@type":"SearchAction","target":{"@type":"EntryPoint","urlTemplate":"https:\/\/restaurantprovence.sk\/?s={search_term_string}"},"query-input":"required name=search_term_string"}],"inLanguage":"cs"},{"@type":"Organization","@id":"https:\/\/restaurantprovence.sk\/#organization","name":"Restaurant Provence","url":"https:\/\/restaurantprovence.sk\/","logo":{"@type":"ImageObject","inLanguage":"cs","@id":"https:\/\/restaurantprovence.sk\/#\/schema\/logo\/image\/","url":"https:\/\/restaurantprovence.sk\/wp-content\/uploads\/2023\/02\/logo.png","contentUrl":"https:\/\/restaurantprovence.sk\/wp-content\/uploads\/2023\/02\/logo.png","width":767,"height":430,"caption":"Restaurant Provence"},"image":{"@id":"https:\/\/restaurantprovence.sk\/#\/schema\/logo\/image\/"}}]}},"_links":{"self":[{"href":"https:\/\/restaurantprovence.sk\/index.php?rest_route=\/wp\/v2\/pages\/2814"}],"collection":[{"href":"https:\/\/restaurantprovence.sk\/index.php?rest_route=\/wp\/v2\/pages"}],"about":[{"href":"https:\/\/restaurantprovence.sk\/index.php?rest_route=\/wp\/v2\/types\/page"}],"author":[{"embeddable":true,"href":"https:\/\/restaurantprovence.sk\/index.php?rest_route=\/wp\/v2\/users\/1"}],"replies":[{"embeddable":true,"href":"https:\/\/restaurantprovence.sk\/index.php?rest_route=%2Fwp%2Fv2%2Fcomments&post=2814"}],"version-history":[{"count":1,"href":"https:\/\/restaurantprovence.sk\/index.php?rest_route=\/wp\/v2\/pages\/2814\/revisions"}],"predecessor-version":[{"id":2815,"href":"https:\/\/restaurantprovence.sk\/index.php?rest_route=\/wp\/v2\/pages\/2814\/revisions\/2815"}],"wp:attachment":[{"href":"https:\/\/restaurantprovence.sk\/index.php?rest_route=%2Fwp%2Fv2%2Fmedia&parent=2814"}],"curies":[{"name":"wp","href":"https:\/\/api.w.org\/{rel}","templated":true}]}}